{"id":10519,"date":"2024-08-09T07:35:53","date_gmt":"2024-08-09T07:35:53","guid":{"rendered":"https:\/\/canbenetvives.org\/?page_id=10519"},"modified":"2024-10-03T18:10:09","modified_gmt":"2024-10-03T18:10:09","slug":"empresas","status":"publish","type":"page","link":"https:\/\/canbenetvives.org\/catala\/empresas","title":{"rendered":"Empreses"},"content":{"rendered":"\t\t<div data-elementor-type=\"wp-page\" data-elementor-id=\"10519\" class=\"elementor elementor-10519\" data-elementor-post-type=\"page\">\n\t\t\t\t<div class=\"elementor-element elementor-element-876fcec e-con-full e-flex e-con e-parent\" data-id=\"876fcec\" data-element_type=\"container\" data-e-type=\"container\" data-settings=\"{&quot;background_background&quot;:&quot;classic&quot;,&quot;background_motion_fx_range&quot;:&quot;page&quot;,&quot;background_motion_fx_motion_fx_scrolling&quot;:&quot;yes&quot;,&quot;background_motion_fx_opacity_effect&quot;:&quot;yes&quot;,&quot;background_motion_fx_opacity_direction&quot;:&quot;in-out&quot;,&quot;background_motion_fx_opacity_level&quot;:{&quot;unit&quot;:&quot;px&quot;,&quot;size&quot;:10,&quot;sizes&quot;:[]},&quot;background_motion_fx_opacity_range&quot;:{&quot;unit&quot;:&quot;%&quot;,&quot;size&quot;:&quot;&quot;,&quot;sizes&quot;:{&quot;start&quot;:20,&quot;end&quot;:80}},&quot;background_motion_fx_devices&quot;:[&quot;widescreen&quot;,&quot;desktop&quot;,&quot;laptop&quot;,&quot;tablet_extra&quot;,&quot;tablet&quot;,&quot;mobile_extra&quot;,&quot;mobile&quot;]}\">\n\t\t\t\t<div class=\"elementor-element elementor-element-a5d4259 titulo elementor-widget elementor-widget-heading\" data-id=\"a5d4259\" data-element_type=\"widget\" data-e-type=\"widget\" data-widget_type=\"heading.default\">\n\t\t\t\t<div class=\"elementor-widget-container\">\n\t\t\t\t\t<h1 class=\"elementor-heading-title elementor-size-default\">Empresas comprometidas<\/h1>\t\t\t\t<\/div>\n\t\t\t\t<\/div>\n\t\t\t\t<\/div>\n\t\t<div class=\"elementor-element elementor-element-4138d8e e-con-full e-flex e-con e-parent\" data-id=\"4138d8e\" data-element_type=\"container\" data-e-type=\"container\">\n\t\t\t\t<div class=\"elementor-element elementor-element-6b8b372 parrafo-Animate elementor-widget elementor-widget-text-editor\" data-id=\"6b8b372\" data-element_type=\"widget\" data-e-type=\"widget\" data-widget_type=\"text-editor.default\">\n\t\t\t\t<div class=\"elementor-widget-container\">\n\t\t\t\t\t\t\t\t\tLa colaboraci\u00f3n empresarial es una parte importante de la Fundaci\u00f3 Josep M\u00aa Fericgla, ya sea con un donativo directo o a trav\u00e9s de colaboraciones, ofertas de trabajo u otros tipos de ayuda que puedan contribuir a mejorar nuestra labor. \t\t\t\t\t\t\t\t<\/div>\n\t\t\t\t<\/div>\n\t\t\t\t<div class=\"elementor-element elementor-element-85eccc7 elementor-absolute elementor-widget elementor-widget-image\" data-id=\"85eccc7\" data-element_type=\"widget\" data-e-type=\"widget\" data-settings=\"{&quot;_position&quot;:&quot;absolute&quot;}\" data-widget_type=\"image.default\">\n\t\t\t\t<div class=\"elementor-widget-container\">\n\t\t\t\t\t\t\t\t\t\t\t\t\t\t\t<img fetchpriority=\"high\" decoding=\"async\" width=\"500\" height=\"507\" src=\"https:\/\/canbenetvives.org\/wp-content\/uploads\/2024\/08\/simbolos-16.png\" class=\"attachment-full size-full wp-image-12912\" alt=\"\" srcset=\"https:\/\/canbenetvives.org\/wp-content\/uploads\/2024\/08\/simbolos-16.png 500w, https:\/\/canbenetvives.org\/wp-content\/uploads\/2024\/08\/simbolos-16-296x300.png 296w, https:\/\/canbenetvives.org\/wp-content\/uploads\/2024\/08\/simbolos-16-480x487.png 480w\" sizes=\"(max-width: 500px) 100vw, 500px\" \/>\t\t\t\t\t\t\t\t\t\t\t\t\t\t\t<\/div>\n\t\t\t\t<\/div>\n\t\t\t\t<\/div>\n\t\t<div class=\"elementor-element elementor-element-4c01aaa e-con-full e-flex e-con e-parent\" data-id=\"4c01aaa\" data-element_type=\"container\" data-e-type=\"container\" data-settings=\"{&quot;background_background&quot;:&quot;classic&quot;}\">\n\t\t<div class=\"elementor-element elementor-element-ac02b75 e-con-full e-flex e-con e-child\" data-id=\"ac02b75\" data-element_type=\"container\" data-e-type=\"container\" data-settings=\"{&quot;background_background&quot;:&quot;classic&quot;}\">\n\t\t\t\t<div class=\"elementor-element elementor-element-f9f0e23 parrafo-Animate elementor-widget elementor-widget-text-editor\" data-id=\"f9f0e23\" data-element_type=\"widget\" data-e-type=\"widget\" data-widget_type=\"text-editor.default\">\n\t\t\t\t<div class=\"elementor-widget-container\">\n\t\t\t\t\t\t\t\t\t<p>Si quieres ayudarnos en nuestra actividad y contribuir a la transformaci\u00f3n social y espiritual de nuestra sociedad, en la Fundaci\u00f3 Josep M\u00aa Fericgla encontrar\u00e1s un equipo especializado que te lo pondr\u00e1 f\u00e1cil.<\/p>\t\t\t\t\t\t\t\t<\/div>\n\t\t\t\t<\/div>\n\t\t\t\t<div class=\"elementor-element elementor-element-55445e1 elementor-align-center elementor-widget elementor-widget-button\" data-id=\"55445e1\" data-element_type=\"widget\" data-e-type=\"widget\" data-widget_type=\"button.default\">\n\t\t\t\t<div class=\"elementor-widget-container\">\n\t\t\t\t\t\t\t\t\t<div class=\"elementor-button-wrapper\">\n\t\t\t\t\t<a class=\"elementor-button elementor-button-link elementor-size-sm\" href=\"mailto:canbenet@escoladevida.org\" target=\"_blank\" rel=\"nofollow\">\n\t\t\t\t\t\t<span class=\"elementor-button-content-wrapper\">\n\t\t\t\t\t\t\t\t\t<span class=\"elementor-button-text\">CONTACT\u00c1NOS V\u00cdA EMAIL<\/span>\n\t\t\t\t\t<\/span>\n\t\t\t\t\t<\/a>\n\t\t\t\t<\/div>\n\t\t\t\t\t\t\t\t<\/div>\n\t\t\t\t<\/div>\n\t\t\t\t<\/div>\n\t\t\t\t<\/div>\n\t\t\t\t<\/div>\n\t\t","protected":false},"excerpt":{"rendered":"<p>Empresas comprometidas La colaboraci\u00f3n empresarial es una parte importante de la Fundaci\u00f3 Josep M\u00aa Fericgla, ya sea con un donativo directo o a trav\u00e9s de colaboraciones, ofertas de trabajo u otros tipos de ayuda que puedan contribuir a mejorar nuestra labor. Si quieres ayudarnos en nuestra actividad y contribuir a la transformaci\u00f3n social y espiritual [&hellip;]<\/p>\n","protected":false},"author":97231,"featured_media":0,"parent":0,"menu_order":11,"comment_status":"closed","ping_status":"closed","template":"elementor_header_footer","meta":{"_acf_changed":false,"footnotes":""},"class_list":["post-10519","page","type-page","status-publish","hentry"],"acf":[],"_links":{"self":[{"href":"https:\/\/canbenetvives.org\/catala\/wp-json\/wp\/v2\/pages\/10519","targetHints":{"allow":["GET"]}}],"collection":[{"href":"https:\/\/canbenetvives.org\/catala\/wp-json\/wp\/v2\/pages"}],"about":[{"href":"https:\/\/canbenetvives.org\/catala\/wp-json\/wp\/v2\/types\/page"}],"author":[{"embeddable":true,"href":"https:\/\/canbenetvives.org\/catala\/wp-json\/wp\/v2\/users\/97231"}],"replies":[{"embeddable":true,"href":"https:\/\/canbenetvives.org\/catala\/wp-json\/wp\/v2\/comments?post=10519"}],"version-history":[{"count":0,"href":"https:\/\/canbenetvives.org\/catala\/wp-json\/wp\/v2\/pages\/10519\/revisions"}],"wp:attachment":[{"href":"https:\/\/canbenetvives.org\/catala\/wp-json\/wp\/v2\/media?parent=10519"}],"curies":[{"name":"wp","href":"https:\/\/api.w.org\/{rel}","templated":true}]}}

<div data-elementor-type="wp-page" data-elementor-id="10519" class="elementor elementor-10519" data-elementor-post-type="page">
				<div class="elementor-element elementor-element-876fcec e-con-full e-flex e-con e-parent" data-id="876fcec" data-element_type="container" data-e-type="container" data-settings="{&quot;background_background&quot;:&quot;classic&quot;,&quot;background_motion_fx_range&quot;:&quot;page&quot;,&quot;background_motion_fx_motion_fx_scrolling&quot;:&quot;yes&quot;,&quot;background_motion_fx_opacity_effect&quot;:&quot;yes&quot;,&quot;background_motion_fx_opacity_direction&quot;:&quot;in-out&quot;,&quot;background_motion_fx_opacity_level&quot;:{&quot;unit&quot;:&quot;px&quot;,&quot;size&quot;:10,&quot;sizes&quot;:[]},&quot;background_motion_fx_opacity_range&quot;:{&quot;unit&quot;:&quot;%&quot;,&quot;size&quot;:&quot;&quot;,&quot;sizes&quot;:{&quot;start&quot;:20,&quot;end&quot;:80}},&quot;background_motion_fx_devices&quot;:[&quot;widescreen&quot;,&quot;desktop&quot;,&quot;laptop&quot;,&quot;tablet_extra&quot;,&quot;tablet&quot;,&quot;mobile_extra&quot;,&quot;mobile&quot;]}">
				<div class="elementor-element elementor-element-a5d4259 titulo elementor-widget elementor-widget-heading" data-id="a5d4259" data-element_type="widget" data-e-type="widget" data-widget_type="heading.default">
				<div class="elementor-widget-container">
					<h1 class="elementor-heading-title elementor-size-default">Empresas comprometidas</h1>				</div>
				</div>
				</div>
		<div class="elementor-element elementor-element-4138d8e e-con-full e-flex e-con e-parent" data-id="4138d8e" data-element_type="container" data-e-type="container">
				<div class="elementor-element elementor-element-6b8b372 parrafo-Animate elementor-widget elementor-widget-text-editor" data-id="6b8b372" data-element_type="widget" data-e-type="widget" data-widget_type="text-editor.default">
				<div class="elementor-widget-container">
									La colaboración empresarial es una parte importante de la Fundació Josep Mª Fericgla, ya sea con un donativo directo o a través de colaboraciones, ofertas de trabajo u otros tipos de ayuda que puedan contribuir a mejorar nuestra labor. 								</div>
				</div>
				<div class="elementor-element elementor-element-85eccc7 elementor-absolute elementor-widget elementor-widget-image" data-id="85eccc7" data-element_type="widget" data-e-type="widget" data-settings="{&quot;_position&quot;:&quot;absolute&quot;}" data-widget_type="image.default">
				<div class="elementor-widget-container">
															<img fetchpriority="high" decoding="async" width="500" height="507" src="https://canbenetvives.org/wp-content/uploads/2024/08/simbolos-16.png" class="attachment-full size-full wp-image-12912" alt="" srcset="https://canbenetvives.org/wp-content/uploads/2024/08/simbolos-16.png 500w, https://canbenetvives.org/wp-content/uploads/2024/08/simbolos-16-296x300.png 296w, https://canbenetvives.org/wp-content/uploads/2024/08/simbolos-16-480x487.png 480w" sizes="(max-width: 500px) 100vw, 500px" />															</div>
				</div>
				</div>
		<div class="elementor-element elementor-element-4c01aaa e-con-full e-flex e-con e-parent" data-id="4c01aaa" data-element_type="container" data-e-type="container" data-settings="{&quot;background_background&quot;:&quot;classic&quot;}">
		<div class="elementor-element elementor-element-ac02b75 e-con-full e-flex e-con e-child" data-id="ac02b75" data-element_type="container" data-e-type="container" data-settings="{&quot;background_background&quot;:&quot;classic&quot;}">
				<div class="elementor-element elementor-element-f9f0e23 parrafo-Animate elementor-widget elementor-widget-text-editor" data-id="f9f0e23" data-element_type="widget" data-e-type="widget" data-widget_type="text-editor.default">
				<div class="elementor-widget-container">
									<p>Si quieres ayudarnos en nuestra actividad y contribuir a la transformación social y espiritual de nuestra sociedad, en la Fundació Josep Mª Fericgla encontrarás un equipo especializado que te lo pondrá fácil.</p>								</div>
				</div>
				<div class="elementor-element elementor-element-55445e1 elementor-align-center elementor-widget elementor-widget-button" data-id="55445e1" data-element_type="widget" data-e-type="widget" data-widget_type="button.default">
				<div class="elementor-widget-container">
									<div class="elementor-button-wrapper">
					<a class="elementor-button elementor-button-link elementor-size-sm" href="mailto:canbenet@escoladevida.org" target="_blank" rel="nofollow">
						<span class="elementor-button-content-wrapper">
									<span class="elementor-button-text">CONTACTÁNOS VÍA EMAIL</span>
					</span>
					</a>
				</div>
								</div>
				</div>
				</div>
				</div>
				</div>

<p>Empresas comprometidas La colaboración empresarial es una parte importante de la Fundació Josep Mª Fericgla, ya sea con un donativo directo o a través de colaboraciones, ofertas de trabajo u otros tipos de ayuda que puedan contribuir a mejorar nuestra labor. Si quieres ayudarnos en nuestra actividad y contribuir a la transformación social y espiritual [&hellip;]</p>
